{"batchcomplete":"","continue":{"rccontinue":"20260422055705|4983","continue":"-||"},"query":{"recentchanges":[{"type":"log","ns":2,"title":"Dal\u012bbnieks:Tatjana Hodokova","pageid":0,"revid":0,"old_revid":0,"rcid":4993,"timestamp":"2026-04-27T11:37:07Z"},{"type":"log","ns":2,"title":"Dal\u012bbnieks:LauraV","pageid":0,"revid":0,"old_revid":0,"rcid":4992,"timestamp":"2026-04-27T10:41:16Z"},{"type":"edit","ns":0,"title":"Literat\u016bras formas/\u017eanra priek\u0161metu pieraksts bibliogr\u0101fiskajos ierakstos","pageid":192,"revid":4908,"old_revid":4904,"rcid":4991,"timestamp":"2026-04-22T14:37:18Z"},{"type":"edit","ns":0,"title":"Darba un Izteiksmes autoritat\u012bv\u0101 ieraksta veido\u0161ana MARC21 form\u0101t\u0101 p\u0113c RDA","pageid":111,"revid":4907,"old_revid":4906,"rcid":4990,"timestamp":"2026-04-22T13:06:32Z"},{"type":"edit","ns":0,"title":"Darba un Izteiksmes autoritat\u012bv\u0101 ieraksta veido\u0161ana MARC21 form\u0101t\u0101 p\u0113c RDA","pageid":111,"revid":4906,"old_revid":4905,"rcid":4989,"timestamp":"2026-04-22T12:56:12Z"},{"type":"edit","ns":0,"title":"Darba un Izteiksmes autoritat\u012bv\u0101 ieraksta veido\u0161ana MARC21 form\u0101t\u0101 p\u0113c RDA","pageid":111,"revid":4905,"old_revid":4891,"rcid":4988,"timestamp":"2026-04-22T12:55:34Z"},{"type":"edit","ns":0,"title":"Literat\u016bras formas/\u017eanra priek\u0161metu pieraksts bibliogr\u0101fiskajos ierakstos","pageid":192,"revid":4904,"old_revid":4900,"rcid":4987,"timestamp":"2026-04-22T08:27:03Z"},{"type":"edit","ns":0,"title":"Kongresa bibliot\u0113kas tematisko apak\u0161ieda\u013cu lieto\u0161anas izmai\u0146as Nacion\u0101laj\u0101 t\u0113zaur\u0101","pageid":28,"revid":4903,"old_revid":4902,"rcid":4986,"timestamp":"2026-04-22T07:22:37Z"},{"type":"edit","ns":0,"title":"Kongresa bibliot\u0113kas tematisko apak\u0161ieda\u013cu lieto\u0161anas izmai\u0146as Nacion\u0101laj\u0101 t\u0113zaur\u0101","pageid":28,"revid":4902,"old_revid":4901,"rcid":4985,"timestamp":"2026-04-22T07:17:45Z"},{"type":"edit","ns":0,"title":"Kongresa bibliot\u0113kas tematisko apak\u0161ieda\u013cu lieto\u0161anas izmai\u0146as Nacion\u0101laj\u0101 t\u0113zaur\u0101","pageid":28,"revid":4901,"old_revid":4895,"rcid":4984,"timestamp":"2026-04-22T07:03:49Z"}]}}

Dalībnieks:Tatjana Hodokova

Dalībnieks:LauraV

Literatūras formas/žanra priekšmetu pieraksts bibliogrāfiskajos ierakstos

Darba un Izteiksmes autoritatīvā ieraksta veidošana MARC21 formātā pēc RDA

Kongresa bibliotēkas tematisko apakšiedaļu lietošanas izmaiņas Nacionālajā tēzaurā
